{"id":54,"date":"2023-07-25T10:05:00","date_gmt":"2023-07-25T08:05:00","guid":{"rendered":"https:\/\/laplomberieducanal.com\/?page_id=54"},"modified":"2023-11-15T11:55:03","modified_gmt":"2023-11-15T10:55:03","slug":"espace-de-coworking-rennes","status":"publish","type":"page","link":"https:\/\/laplomberieducanal.com\/index.php\/hang-art\/espace-de-coworking-rennes\/","title":{"rendered":"Espace de coworking"},"content":{"rendered":"\n<h2 class=\"wp-block-heading has-black-color has-text-color has-large-font-size\" style=\"text-transform:none\">Dans le cadre unique des Prairies Saint-Martin, La Plomberie du Canal propose un espace de coworking disponible \u00e0 l\u2019ann\u00e9e.<\/h2>\n\n\n\n<div class=\"wp-block-columns is-layout-flex wp-container-core-columns-is-layout-1 wp-block-columns-is-layout-flex\">\n<div class=\"wp-block-column is-vertically-aligned-center is-layout-flow wp-block-column-is-layout-flow\">\n<figure class=\"wp-block-gallery has-nested-images columns-default is-cropped wp-block-gallery-1 is-layout-flex wp-block-gallery-is-layout-flex\"><div class=\"wp-block-image is-style-default\">\n<figure class=\"aligncenter size-large\"><img data-recalc-dims=\"1\" loading=\"lazy\" decoding=\"async\" width=\"1024\" height=\"768\" data-attachment-id=\"1604\" data-permalink=\"https:\/\/laplomberieducanal.com\/index.php\/hang-art\/espace-de-coworking-rennes\/img_20230802_160602_52\/\" data-orig-file=\"https:\/\/i0.wp.com\/laplomberieducanal.com\/wp-content\/uploads\/2023\/08\/IMG_20230802_160602_52-scaled.jpg?fit=2560%2C1920&amp;ssl=1\" data-orig-size=\"2560,1920\" data-comments-opened=\"1\" data-image-meta=\"{&quot;aperture&quot;:&quot;1.7&quot;,&quot;credit&quot;:&quot;&quot;,&quot;camera&quot;:&quot;F1&quot;,&quot;caption&quot;:&quot;&quot;,&quot;created_timestamp&quot;:&quot;1690992362&quot;,&quot;copyright&quot;:&quot;&quot;,&quot;focal_length&quot;:&quot;3.93&quot;,&quot;iso&quot;:&quot;461&quot;,&quot;shutter_speed&quot;:&quot;0.039996&quot;,&quot;title&quot;:&quot;&quot;,&quot;orientation&quot;:&quot;1&quot;}\" data-image-title=\"Coworking Rennes\" data-image-description=\"\" data-image-caption=\"\" data-medium-file=\"https:\/\/i0.wp.com\/laplomberieducanal.com\/wp-content\/uploads\/2023\/08\/IMG_20230802_160602_52-scaled.jpg?fit=300%2C225&amp;ssl=1\" data-large-file=\"https:\/\/i0.wp.com\/laplomberieducanal.com\/wp-content\/uploads\/2023\/08\/IMG_20230802_160602_52-scaled.jpg?fit=1024%2C768&amp;ssl=1\" tabindex=\"0\" role=\"button\" src=\"https:\/\/i0.wp.com\/laplomberieducanal.com\/wp-content\/uploads\/2023\/08\/IMG_20230802_160602_52.jpg?resize=1024%2C768&#038;ssl=1\" alt=\"\" class=\"wp-image-1604\" srcset=\"https:\/\/i0.wp.com\/laplomberieducanal.com\/wp-content\/uploads\/2023\/08\/IMG_20230802_160602_52-scaled.jpg?resize=1024%2C768&amp;ssl=1 1024w, https:\/\/i0.wp.com\/laplomberieducanal.com\/wp-content\/uploads\/2023\/08\/IMG_20230802_160602_52-scaled.jpg?resize=300%2C225&amp;ssl=1 300w, https:\/\/i0.wp.com\/laplomberieducanal.com\/wp-content\/uploads\/2023\/08\/IMG_20230802_160602_52-scaled.jpg?resize=768%2C576&amp;ssl=1 768w, https:\/\/i0.wp.com\/laplomberieducanal.com\/wp-content\/uploads\/2023\/08\/IMG_20230802_160602_52-scaled.jpg?resize=1536%2C1152&amp;ssl=1 1536w, https:\/\/i0.wp.com\/laplomberieducanal.com\/wp-content\/uploads\/2023\/08\/IMG_20230802_160602_52-scaled.jpg?resize=2048%2C1536&amp;ssl=1 2048w, https:\/\/i0.wp.com\/laplomberieducanal.com\/wp-content\/uploads\/2023\/08\/IMG_20230802_160602_52-scaled.jpg?resize=1440%2C1080&amp;ssl=1 1440w\" sizes=\"(max-width: 1024px) 100vw, 1024px\" \/><\/figure><\/div><\/figure>\n\n\n\n<p class=\"has-medium-font-size\">Sous le Hang\u2019Art, <strong>La Plomberie du Canal<\/strong> vous propose un <strong>espace de coworking&nbsp;<\/strong>: id\u00e9al pour les artistes et toutes structures \u00e9mergentes, mais \u00e9galement ouvert aux associations et tous ceux qui ont besoin d\u2019un lieu calme et propice \u00e0 <strong>travailler<\/strong>.<\/p>\n\n\n\n<div style=\"height:20px\" aria-hidden=\"true\" class=\"wp-block-spacer\"><\/div>\n<\/div>\n<\/div>\n\n\n\n<div class=\"wp-block-buttons is-horizontal is-content-justification-center is-layout-flex wp-container-core-buttons-is-layout-1 wp-block-buttons-is-layout-flex\">\n<div class=\"wp-block-button has-custom-width wp-block-button__width-50 is-style-outline\"><a class=\"wp-block-button__link has-black-color has-luminous-vivid-amber-background-color has-text-color has-background wp-element-button\" href=\"https:\/\/laplomberieducanal.com\/index.php\/association-laplomberieducanal\/\">En savoir plus sur l&rsquo;association<\/a><\/div>\n<\/div>\n\n\n\n<div style=\"height:20px\" aria-hidden=\"true\" class=\"wp-block-spacer\"><\/div>\n\n\n\n<p class=\"has-black-color has-text-color has-medium-font-size\">Dans un <strong>bureau de 20 m\u00b2<\/strong>, vous y trouvez <strong>4 postes de travail \u00e0 louer<\/strong>. Cette location s\u2019accompagne d\u2019une <strong>place de parking<\/strong> dans une cour priv\u00e9e, d\u2019un acc\u00e8s \u00e0 la cuisine, wc et au <strong>jardin<\/strong>. Acc\u00e8s internet fibre optique.<\/p>\n\n\n<div class=\"wp-block-image is-style-default\">\n<figure class=\"aligncenter size-full\"><img data-recalc-dims=\"1\" loading=\"lazy\" decoding=\"async\" width=\"2560\" height=\"1497\" data-attachment-id=\"1605\" data-permalink=\"https:\/\/laplomberieducanal.com\/index.php\/hang-art\/espace-de-coworking-rennes\/img_20230118_164148_83\/\" data-orig-file=\"https:\/\/i0.wp.com\/laplomberieducanal.com\/wp-content\/uploads\/2023\/08\/IMG_20230118_164148_83-scaled.jpg?fit=2560%2C1497&amp;ssl=1\" data-orig-size=\"2560,1497\" data-comments-opened=\"1\" data-image-meta=\"{&quot;aperture&quot;:&quot;1.7&quot;,&quot;credit&quot;:&quot;&quot;,&quot;camera&quot;:&quot;F1&quot;,&quot;caption&quot;:&quot;&quot;,&quot;created_timestamp&quot;:&quot;1674060108&quot;,&quot;copyright&quot;:&quot;&quot;,&quot;focal_length&quot;:&quot;3.93&quot;,&quot;iso&quot;:&quot;459&quot;,&quot;shutter_speed&quot;:&quot;0.039996&quot;,&quot;title&quot;:&quot;&quot;,&quot;orientation&quot;:&quot;1&quot;}\" data-image-title=\"IMG_20230118_164148_83\" data-image-description=\"\" data-image-caption=\"\" data-medium-file=\"https:\/\/i0.wp.com\/laplomberieducanal.com\/wp-content\/uploads\/2023\/08\/IMG_20230118_164148_83-scaled.jpg?fit=300%2C175&amp;ssl=1\" data-large-file=\"https:\/\/i0.wp.com\/laplomberieducanal.com\/wp-content\/uploads\/2023\/08\/IMG_20230118_164148_83-scaled.jpg?fit=1024%2C599&amp;ssl=1\" tabindex=\"0\" role=\"button\" src=\"https:\/\/i0.wp.com\/laplomberieducanal.com\/wp-content\/uploads\/2023\/08\/IMG_20230118_164148_83-scaled.jpg?resize=2560%2C1497&#038;ssl=1\" alt=\"\" class=\"wp-image-1605\" srcset=\"https:\/\/i0.wp.com\/laplomberieducanal.com\/wp-content\/uploads\/2023\/08\/IMG_20230118_164148_83-scaled.jpg?w=2560&amp;ssl=1 2560w, https:\/\/i0.wp.com\/laplomberieducanal.com\/wp-content\/uploads\/2023\/08\/IMG_20230118_164148_83-scaled.jpg?resize=300%2C175&amp;ssl=1 300w, https:\/\/i0.wp.com\/laplomberieducanal.com\/wp-content\/uploads\/2023\/08\/IMG_20230118_164148_83-scaled.jpg?resize=1024%2C599&amp;ssl=1 1024w, https:\/\/i0.wp.com\/laplomberieducanal.com\/wp-content\/uploads\/2023\/08\/IMG_20230118_164148_83-scaled.jpg?resize=768%2C449&amp;ssl=1 768w, https:\/\/i0.wp.com\/laplomberieducanal.com\/wp-content\/uploads\/2023\/08\/IMG_20230118_164148_83-scaled.jpg?resize=1536%2C898&amp;ssl=1 1536w, https:\/\/i0.wp.com\/laplomberieducanal.com\/wp-content\/uploads\/2023\/08\/IMG_20230118_164148_83-scaled.jpg?resize=2048%2C1198&amp;ssl=1 2048w, https:\/\/i0.wp.com\/laplomberieducanal.com\/wp-content\/uploads\/2023\/08\/IMG_20230118_164148_83-scaled.jpg?resize=1847%2C1080&amp;ssl=1 1847w\" sizes=\"(max-width: 2560px) 100vw, 2560px\" \/><\/figure><\/div>\n\n\n<div style=\"height:20px\" aria-hidden=\"true\" class=\"wp-block-spacer\"><\/div>\n\n\n\n<p class=\"has-medium-font-size\"><strong>L&rsquo;espace de coworking<\/strong> <a href=\"https:\/\/youtu.be\/Z8zmPjZ_q4w\">La Plomberie du Canal<\/a> offre bien plus qu&rsquo;un simple <strong>bureau partag\u00e9<\/strong>. C&rsquo;est un lieu de rencontre cr\u00e9atif o\u00f9 artistes, entrepreneurs, freelances et salari\u00e9s de tous horizons professionnels viennent donner vie \u00e0 leurs projets, et favoriser la richesse des \u00e9changes et l&rsquo;entraide au quotidien.<\/p>\n\n\n\n<p class=\"has-medium-font-size\">Caract\u00e9ris\u00e9 par une ambiance chaleureuse et conviviale, notre espace favorise la cr\u00e9ativit\u00e9 en encourageant le partage d&rsquo;id\u00e9es et la co-cr\u00e9ation de projets. Nous respectons \u00e9galement la capacit\u00e9 de concentration de chacun.<\/p>\n\n\n\n<h2 class=\"wp-block-heading has-text-color has-large-font-size\" style=\"color:#a70042\">Informations et tarifs<\/h2>\n\n\n\n<div class=\"wp-block-columns is-layout-flex wp-container-core-columns-is-layout-2 wp-block-columns-is-layout-flex\">\n<div class=\"wp-block-column is-layout-flow wp-block-column-is-layout-flow\" style=\"flex-basis:33.33%\">\n<iframe src=\"https:\/\/www.google.com\/maps\/embed?pb=!1m14!1m8!1m3!1d10653.374751929729!2d-1.6784378!3d48.1228951!3m2!1i1024!2i768!4f13.1!3m3!1m2!1s0x0%3A0x147cf83f27e35463!2sLa%20Plomberie%20du%20Canal!5e0!3m2!1sfr!2sfr!4v1621517876901!5m2!1sfr!2sfr\" style=\"border:0;\" allowfullscreen=\"\" loading=\"lazy\" width=\"600\" height=\"450\"><\/iframe>\n<\/div>\n\n\n\n<div class=\"wp-block-column is-vertically-aligned-center is-layout-flow wp-block-column-is-layout-flow\" style=\"flex-basis:66.66%\">\n<p class=\"has-medium-font-size\">Chaque <strong>poste de travail<\/strong> est propos\u00e9 au tarif de <strong>95\u20ac par mois<\/strong>. <strong>Cette location s\u2019accompagne d\u2019une adh\u00e9sion<\/strong>. Cotisation annuelle de <strong>10\u20ac si particulier<\/strong> ou <strong>30 \u20ac si entreprise\/association<\/strong>.<\/p>\n\n\n\n<p class=\"has-medium-font-size\">Pour s&rsquo;y rendre : <\/p>\n\n\n\n<ul>\n<li class=\"has-medium-font-size\"><strong>V\u00e9lo<\/strong>&nbsp;: Station Pont Saint-Martin<\/li>\n\n\n\n<li class=\"has-medium-font-size\"><strong>Bus<\/strong>&nbsp;: n\u00b012 (Arr\u00eat Auberge de Jeunesse)<\/li>\n\n\n\n<li class=\"has-medium-font-size\"><strong>M\u00e9tro ligne A<\/strong>&nbsp;: Arr\u00eats Anatole France ou Sainte-Anne (10-15 minutes \u00e0 pied)<\/li>\n\n\n\n<li class=\"has-medium-font-size\"><strong>M\u00e9tro ligne B&nbsp;<\/strong>: arr\u00eat Jules Ferry (15 minutes \u00e0 pied)<\/li>\n\n\n\n<li class=\"has-medium-font-size\"><strong>Voiture<\/strong>&nbsp;: Rocade, sortie Beauregard ou Saint-Martin<\/li>\n<\/ul>\n<\/div>\n<\/div>\n\n\n\n<div class=\"wp-block-buttons is-horizontal is-content-justification-center is-layout-flex wp-container-core-buttons-is-layout-2 wp-block-buttons-is-layout-flex\">\n<div class=\"wp-block-button has-custom-width wp-block-button__width-50 is-style-outline\"><a class=\"wp-block-button__link has-black-color has-luminous-vivid-amber-background-color has-text-color has-background wp-element-button\" href=\"https:\/\/laplomberieducanal.com\/index.php\/contact\/\">Nous contacter<\/a><\/div>\n<\/div>\n\n\n\n<div style=\"height:20px\" aria-hidden=\"true\" class=\"wp-block-spacer\"><\/div>\n\n\n\n<p class=\"has-medium-font-size\">Contactez-nous pour plus d&rsquo;informations sur <strong>votre r\u00e9servation<\/strong> ou pour toute autre question concernant notre association et ses diff\u00e9rentes activit\u00e9s :\u00a0<\/p>\n\n\n\n<ul>\n<li class=\"has-medium-font-size\"><a href=\"https:\/\/laplomberieducanal.com\/index.php\/2021\/05\/17\/ateliers-theatre\/\">Stages et th\u00e9\u00e2tre pour adultes et enfants<\/a><\/li>\n\n\n\n<li class=\"has-medium-font-size\"><a href=\"https:\/\/laplomberieducanal.com\/index.php\/2023\/07\/05\/quoi-faire-a-rennes-a-laffiche-programmation-ete-2023\/\">Spectacles<\/a><\/li>\n\n\n\n<li class=\"has-medium-font-size\"><a href=\"https:\/\/laplomberieducanal.com\/index.php\/ateliers-stages\/projet-pedagogique\/\">Projets p\u00e9dagogiques<\/a><\/li>\n\n\n\n<li class=\"has-medium-font-size\"><a href=\"https:\/\/laplomberieducanal.com\/index.php\/coaching-aisance-a-loral\/\">Coaching (aisance orale, gestion du stress, confiance en soi)<\/a><\/li>\n<\/ul>\n","protected":false},"excerpt":{"rendered":"<p>Dans le cadre unique des Prairies Saint-Martin, La Plomberie du Canal propose un espace de coworking disponible \u00e0 l\u2019ann\u00e9e. Sous le Hang\u2019Art, La Plomberie du Canal vous propose un espace de coworking&nbsp;: id\u00e9al pour les artistes et toutes structures \u00e9mergentes, mais \u00e9galement ouvert aux associations et tous ceux qui ont besoin d\u2019un lieu calme et&hellip; <br \/> <a class=\"read-more\" href=\"https:\/\/laplomberieducanal.com\/index.php\/hang-art\/espace-de-coworking-rennes\/\">Lire la suite<\/a><\/p>\n","protected":false},"author":1,"featured_media":1604,"parent":13,"menu_order":0,"comment_status":"open","ping_status":"closed","template":"","meta":{"footnotes":""},"yoast_head":"<!-- This site is optimized with the Yoast SEO plugin v23.0 - https:\/\/yoast.com\/wordpress\/plugins\/seo\/ -->\n<title>Espace de coworking - La Plomberie du Canal<\/title>\n<meta name=\"description\" content=\"Vous cherchez un espace de coworking \u00e0 Rennes ? Donnez vie \u00e0 vos projets d\u00e8s aujourd&#039;hui ! Pas cher avec l&#039;association La Plomberie du Canal.\" \/>\n<meta name=\"robots\" content=\"index, follow, max-snippet:-1, max-image-preview:large, max-video-preview:-1\" \/>\n<link rel=\"canonical\" href=\"https:\/\/laplomberieducanal.com\/index.php\/hang-art\/espace-de-coworking-rennes\/\" \/>\n<meta property=\"og:locale\" content=\"fr_FR\" \/>\n<meta property=\"og:type\" content=\"article\" \/>\n<meta property=\"og:title\" content=\"Espace de coworking - La Plomberie du Canal\" \/>\n<meta property=\"og:description\" content=\"Vous cherchez un espace de coworking \u00e0 Rennes ? Donnez vie \u00e0 vos projets d\u00e8s aujourd&#039;hui ! Pas cher avec l&#039;association La Plomberie du Canal.\" \/>\n<meta property=\"og:url\" content=\"https:\/\/laplomberieducanal.com\/index.php\/hang-art\/espace-de-coworking-rennes\/\" \/>\n<meta property=\"og:site_name\" content=\"La Plomberie du Canal\" \/>\n<meta property=\"article:modified_time\" content=\"2023-11-15T10:55:03+00:00\" \/>\n<meta property=\"og:image\" content=\"https:\/\/laplomberieducanal.com\/wp-content\/uploads\/2023\/08\/IMG_20230802_160602_52-scaled.jpg\" \/>\n\t<meta property=\"og:image:width\" content=\"2560\" \/>\n\t<meta property=\"og:image:height\" content=\"1920\" \/>\n\t<meta property=\"og:image:type\" content=\"image\/jpeg\" \/>\n<meta name=\"twitter:card\" content=\"summary_large_image\" \/>\n<meta name=\"twitter:label1\" content=\"Dur\u00e9e de lecture estim\u00e9e\" \/>\n\t<meta name=\"twitter:data1\" content=\"2 minutes\" \/>\n<script type=\"application\/ld+json\" class=\"yoast-schema-graph\">{\"@context\":\"https:\/\/schema.org\",\"@graph\":[{\"@type\":\"WebPage\",\"@id\":\"https:\/\/laplomberieducanal.com\/index.php\/hang-art\/espace-de-coworking-rennes\/\",\"url\":\"https:\/\/laplomberieducanal.com\/index.php\/hang-art\/espace-de-coworking-rennes\/\",\"name\":\"Espace de coworking - La Plomberie du Canal\",\"isPartOf\":{\"@id\":\"https:\/\/laplomberieducanal.com\/#website\"},\"primaryImageOfPage\":{\"@id\":\"https:\/\/laplomberieducanal.com\/index.php\/hang-art\/espace-de-coworking-rennes\/#primaryimage\"},\"image\":{\"@id\":\"https:\/\/laplomberieducanal.com\/index.php\/hang-art\/espace-de-coworking-rennes\/#primaryimage\"},\"thumbnailUrl\":\"https:\/\/i0.wp.com\/laplomberieducanal.com\/wp-content\/uploads\/2023\/08\/IMG_20230802_160602_52-scaled.jpg?fit=2560%2C1920&ssl=1\",\"datePublished\":\"2023-07-25T08:05:00+00:00\",\"dateModified\":\"2023-11-15T10:55:03+00:00\",\"description\":\"Vous cherchez un espace de coworking \u00e0 Rennes ? Donnez vie \u00e0 vos projets d\u00e8s aujourd'hui ! Pas cher avec l'association La Plomberie du Canal.\",\"breadcrumb\":{\"@id\":\"https:\/\/laplomberieducanal.com\/index.php\/hang-art\/espace-de-coworking-rennes\/#breadcrumb\"},\"inLanguage\":\"fr-FR\",\"potentialAction\":[{\"@type\":\"ReadAction\",\"target\":[\"https:\/\/laplomberieducanal.com\/index.php\/hang-art\/espace-de-coworking-rennes\/\"]}]},{\"@type\":\"ImageObject\",\"inLanguage\":\"fr-FR\",\"@id\":\"https:\/\/laplomberieducanal.com\/index.php\/hang-art\/espace-de-coworking-rennes\/#primaryimage\",\"url\":\"https:\/\/i0.wp.com\/laplomberieducanal.com\/wp-content\/uploads\/2023\/08\/IMG_20230802_160602_52-scaled.jpg?fit=2560%2C1920&ssl=1\",\"contentUrl\":\"https:\/\/i0.wp.com\/laplomberieducanal.com\/wp-content\/uploads\/2023\/08\/IMG_20230802_160602_52-scaled.jpg?fit=2560%2C1920&ssl=1\",\"width\":2560,\"height\":1920,\"caption\":\"Coworking Rennes\"},{\"@type\":\"BreadcrumbList\",\"@id\":\"https:\/\/laplomberieducanal.com\/index.php\/hang-art\/espace-de-coworking-rennes\/#breadcrumb\",\"itemListElement\":[{\"@type\":\"ListItem\",\"position\":1,\"name\":\"Accueil\",\"item\":\"https:\/\/laplomberieducanal.com\/\"},{\"@type\":\"ListItem\",\"position\":2,\"name\":\"Le Hang&#8217;Art de La Plomberie du Canal\",\"item\":\"https:\/\/laplomberieducanal.com\/index.php\/hang-art\/\"},{\"@type\":\"ListItem\",\"position\":3,\"name\":\"Espace de coworking\"}]},{\"@type\":\"WebSite\",\"@id\":\"https:\/\/laplomberieducanal.com\/#website\",\"url\":\"https:\/\/laplomberieducanal.com\/\",\"name\":\"La Plomberie du Canal\",\"description\":\"Association artistique et culturelle\",\"publisher\":{\"@id\":\"https:\/\/laplomberieducanal.com\/#organization\"},\"potentialAction\":[{\"@type\":\"SearchAction\",\"target\":{\"@type\":\"EntryPoint\",\"urlTemplate\":\"https:\/\/laplomberieducanal.com\/?s={search_term_string}\"},\"query-input\":\"required name=search_term_string\"}],\"inLanguage\":\"fr-FR\"},{\"@type\":\"Organization\",\"@id\":\"https:\/\/laplomberieducanal.com\/#organization\",\"name\":\"La Plomberie du Canal\",\"url\":\"https:\/\/laplomberieducanal.com\/\",\"logo\":{\"@type\":\"ImageObject\",\"inLanguage\":\"fr-FR\",\"@id\":\"https:\/\/laplomberieducanal.com\/#\/schema\/logo\/image\/\",\"url\":\"https:\/\/i0.wp.com\/laplomberieducanal.com\/wp-content\/uploads\/2023\/04\/cropped-Logo-La-Plomberie-du-Canal-couleur-sans-contour.png?fit=2105%2C1964&ssl=1\",\"contentUrl\":\"https:\/\/i0.wp.com\/laplomberieducanal.com\/wp-content\/uploads\/2023\/04\/cropped-Logo-La-Plomberie-du-Canal-couleur-sans-contour.png?fit=2105%2C1964&ssl=1\",\"width\":2105,\"height\":1964,\"caption\":\"La Plomberie du Canal\"},\"image\":{\"@id\":\"https:\/\/laplomberieducanal.com\/#\/schema\/logo\/image\/\"}}]}<\/script>\n<!-- \/ Yoast SEO plugin. -->","yoast_head_json":{"title":"Espace de coworking - La Plomberie du Canal","description":"Vous cherchez un espace de coworking \u00e0 Rennes ? Donnez vie \u00e0 vos projets d\u00e8s aujourd'hui ! Pas cher avec l'association La Plomberie du Canal.","robots":{"index":"index","follow":"follow","max-snippet":"max-snippet:-1","max-image-preview":"max-image-preview:large","max-video-preview":"max-video-preview:-1"},"canonical":"https:\/\/laplomberieducanal.com\/index.php\/hang-art\/espace-de-coworking-rennes\/","og_locale":"fr_FR","og_type":"article","og_title":"Espace de coworking - La Plomberie du Canal","og_description":"Vous cherchez un espace de coworking \u00e0 Rennes ? Donnez vie \u00e0 vos projets d\u00e8s aujourd'hui ! Pas cher avec l'association La Plomberie du Canal.","og_url":"https:\/\/laplomberieducanal.com\/index.php\/hang-art\/espace-de-coworking-rennes\/","og_site_name":"La Plomberie du Canal","article_modified_time":"2023-11-15T10:55:03+00:00","og_image":[{"width":2560,"height":1920,"url":"https:\/\/laplomberieducanal.com\/wp-content\/uploads\/2023\/08\/IMG_20230802_160602_52-scaled.jpg","type":"image\/jpeg"}],"twitter_card":"summary_large_image","twitter_misc":{"Dur\u00e9e de lecture estim\u00e9e":"2 minutes"},"schema":{"@context":"https:\/\/schema.org","@graph":[{"@type":"WebPage","@id":"https:\/\/laplomberieducanal.com\/index.php\/hang-art\/espace-de-coworking-rennes\/","url":"https:\/\/laplomberieducanal.com\/index.php\/hang-art\/espace-de-coworking-rennes\/","name":"Espace de coworking - La Plomberie du Canal","isPartOf":{"@id":"https:\/\/laplomberieducanal.com\/#website"},"primaryImageOfPage":{"@id":"https:\/\/laplomberieducanal.com\/index.php\/hang-art\/espace-de-coworking-rennes\/#primaryimage"},"image":{"@id":"https:\/\/laplomberieducanal.com\/index.php\/hang-art\/espace-de-coworking-rennes\/#primaryimage"},"thumbnailUrl":"https:\/\/i0.wp.com\/laplomberieducanal.com\/wp-content\/uploads\/2023\/08\/IMG_20230802_160602_52-scaled.jpg?fit=2560%2C1920&ssl=1","datePublished":"2023-07-25T08:05:00+00:00","dateModified":"2023-11-15T10:55:03+00:00","description":"Vous cherchez un espace de coworking \u00e0 Rennes ? Donnez vie \u00e0 vos projets d\u00e8s aujourd'hui ! Pas cher avec l'association La Plomberie du Canal.","breadcrumb":{"@id":"https:\/\/laplomberieducanal.com\/index.php\/hang-art\/espace-de-coworking-rennes\/#breadcrumb"},"inLanguage":"fr-FR","potentialAction":[{"@type":"ReadAction","target":["https:\/\/laplomberieducanal.com\/index.php\/hang-art\/espace-de-coworking-rennes\/"]}]},{"@type":"ImageObject","inLanguage":"fr-FR","@id":"https:\/\/laplomberieducanal.com\/index.php\/hang-art\/espace-de-coworking-rennes\/#primaryimage","url":"https:\/\/i0.wp.com\/laplomberieducanal.com\/wp-content\/uploads\/2023\/08\/IMG_20230802_160602_52-scaled.jpg?fit=2560%2C1920&ssl=1","contentUrl":"https:\/\/i0.wp.com\/laplomberieducanal.com\/wp-content\/uploads\/2023\/08\/IMG_20230802_160602_52-scaled.jpg?fit=2560%2C1920&ssl=1","width":2560,"height":1920,"caption":"Coworking Rennes"},{"@type":"BreadcrumbList","@id":"https:\/\/laplomberieducanal.com\/index.php\/hang-art\/espace-de-coworking-rennes\/#breadcrumb","itemListElement":[{"@type":"ListItem","position":1,"name":"Accueil","item":"https:\/\/laplomberieducanal.com\/"},{"@type":"ListItem","position":2,"name":"Le Hang&#8217;Art de La Plomberie du Canal","item":"https:\/\/laplomberieducanal.com\/index.php\/hang-art\/"},{"@type":"ListItem","position":3,"name":"Espace de coworking"}]},{"@type":"WebSite","@id":"https:\/\/laplomberieducanal.com\/#website","url":"https:\/\/laplomberieducanal.com\/","name":"La Plomberie du Canal","description":"Association artistique et culturelle","publisher":{"@id":"https:\/\/laplomberieducanal.com\/#organization"},"potentialAction":[{"@type":"SearchAction","target":{"@type":"EntryPoint","urlTemplate":"https:\/\/laplomberieducanal.com\/?s={search_term_string}"},"query-input":"required name=search_term_string"}],"inLanguage":"fr-FR"},{"@type":"Organization","@id":"https:\/\/laplomberieducanal.com\/#organization","name":"La Plomberie du Canal","url":"https:\/\/laplomberieducanal.com\/","logo":{"@type":"ImageObject","inLanguage":"fr-FR","@id":"https:\/\/laplomberieducanal.com\/#\/schema\/logo\/image\/","url":"https:\/\/i0.wp.com\/laplomberieducanal.com\/wp-content\/uploads\/2023\/04\/cropped-Logo-La-Plomberie-du-Canal-couleur-sans-contour.png?fit=2105%2C1964&ssl=1","contentUrl":"https:\/\/i0.wp.com\/laplomberieducanal.com\/wp-content\/uploads\/2023\/04\/cropped-Logo-La-Plomberie-du-Canal-couleur-sans-contour.png?fit=2105%2C1964&ssl=1","width":2105,"height":1964,"caption":"La Plomberie du Canal"},"image":{"@id":"https:\/\/laplomberieducanal.com\/#\/schema\/logo\/image\/"}}]}},"jetpack_sharing_enabled":true,"jetpack_likes_enabled":true,"jetpack_shortlink":"https:\/\/wp.me\/PdRAvF-S","_links":{"self":[{"href":"https:\/\/laplomberieducanal.com\/index.php\/wp-json\/wp\/v2\/pages\/54"}],"collection":[{"href":"https:\/\/laplomberieducanal.com\/index.php\/wp-json\/wp\/v2\/pages"}],"about":[{"href":"https:\/\/laplomberieducanal.com\/index.php\/wp-json\/wp\/v2\/types\/page"}],"author":[{"embeddable":true,"href":"https:\/\/laplomberieducanal.com\/index.php\/wp-json\/wp\/v2\/users\/1"}],"replies":[{"embeddable":true,"href":"https:\/\/laplomberieducanal.com\/index.php\/wp-json\/wp\/v2\/comments?post=54"}],"version-history":[{"count":34,"href":"https:\/\/laplomberieducanal.com\/index.php\/wp-json\/wp\/v2\/pages\/54\/revisions"}],"predecessor-version":[{"id":1951,"href":"https:\/\/laplomberieducanal.com\/index.php\/wp-json\/wp\/v2\/pages\/54\/revisions\/1951"}],"up":[{"embeddable":true,"href":"https:\/\/laplomberieducanal.com\/index.php\/wp-json\/wp\/v2\/pages\/13"}],"wp:featuredmedia":[{"embeddable":true,"href":"https:\/\/laplomberieducanal.com\/index.php\/wp-json\/wp\/v2\/media\/1604"}],"wp:attachment":[{"href":"https:\/\/laplomberieducanal.com\/index.php\/wp-json\/wp\/v2\/media?parent=54"}],"curies":[{"name":"wp","href":"https:\/\/api.w.org\/{rel}","templated":true}]}}